 the highest common divisor of 170 and 578.
34
Calculate the greatest common divisor of 55 and 110.
55
Calculate the highest common factor of 6 and 618.
6
What is the highest common divisor of 279 and 310?
31
Calculate the greatest common factor of 3393 and 87.
87
Calculate the greatest common factor of 2414 and 306.
34
What is the highest common divisor of 20 and 1556?
4
Calculate the greatest common factor of 5043 and 41.
41
Calculate the greatest common factor of 52 and 5772.
52
Calculate the greatest common divisor of 7 and 2.
1
Calculate the highest common factor of 100 and 365.
5
Calculate the highest common factor of 40 and 250.
10
What is the greatest common divisor of 14650 and 150?
50
What is the highest common factor of 8748 and 72?
36
Calculate the highest common factor of 2134 and 3492.
194
What is the greatest common factor of 22 and 88?
22
Calculate the highest common divisor of 5 and 17.
1
What is the greatest common factor of 54 and 216?
54
Calculate the greatest common divisor of 549 and 540.
9
What is the highest common factor of 378 and 28?
14
Calculate the greatest common factor of 90 and 6075.
45
What is the highest common factor of 363 and 99?
33
What is the highest common divisor of 332 and 8?
4
Calculate the greatest common factor of 1551 and 1287.
33
What is the greatest common divisor of 8848 and 448?
112
What is the highest common factor of 8374 and 158?
158
Calculate the greatest common factor of 20 and 1040.
20
Calculate the greatest common divisor of 154 and 742.
14
Calculate the greatest common divisor of 12 and 564.
12
What is the highest common divisor of 2940 and 60?
60
What is the highest common factor of 64 and 60?
4
What is the greatest common factor of 228 and 9082?
38
Calculate the greatest common factor of 6510 and 31.
31
What is the highest common divisor of 476 and 140?
28
What is the highest common divisor of 10188 and 6?
6
What is the greatest common divisor of 1050 and 1155?
105
What is the highest common divisor of 2272 and 32?
32
What is the greatest common divisor of 220 and 20?
20
Calculate the highest common factor of 147 and 33.
3
What is the highest common factor of 404 and 2727?
101
Calculate the highest common factor of 133 and 7.
7
What is the greatest common factor of 95 and 380?
95
What is the greatest common factor of 189 and 21?
21
Calculate the greatest common factor of 4 and 2962.
2
What is the greatest common divisor of 4236 and 12?
12
What is the greatest common factor of 36 and 372?
12
What is the highest common factor of 750 and 6?
6
Calculate the greatest common divisor of 156 and 273.
39
Calculate the greatest common divisor of 986 and 116.
58
Calculate the greatest common factor of 72 and 306.
18
Calculate the greatest common divisor of 7569 and 145.
29
Calculate the highest common factor of 513 and 1938.
57
Calculate the highest common divisor of 28 and 224.
28
What is the highest common factor of 865 and 5?
5
Calculate the highest common factor of 3991 and 65.
13
Calculate the greatest common factor of 132 and 92.
4
What is the highest common factor of 4275 and 9?
9
What is the highest common divisor of 16775 and 25?
25
Calculate the greatest common factor of 1344 and 21.
21
Calculate the greatest common divisor of 168 and 3080.
56
Calculate the greatest common factor of 29580 and 68.
68
What is the greatest common divisor of 3478 and 111?
37
Calculate the greatest common factor of 25 and 42025.
25
Calculate the greatest common divisor of 144 and 2416.
16
What is the highest common factor of 72 and 1032?
24
Calculate the highest common factor of 46 and 20194.
46
What is the greatest common divisor of 4 and 67?
1
What is the highest common factor of 736 and 138?
46
What is the greatest common factor of 34 and 578?
34
Calculate the highest common divisor of 2034 and 18.
18
Calculate the greatest common factor of 703 and 57.
19
Calculate the greatest common factor of 90 and 13290.
30
Calculate the highest common divisor of 3 and 24.
3
What is the greatest common divisor of 962 and 814?
74
Calculate the highest common factor of 105 and 280.
35
Calculate the highest common divisor of 954 and 212.
106
What is the greatest common divisor of 346 and 10207?
173
What is the greatest common divisor of 889 and 14?
7
Calculate the highest common divisor of 364 and 156.
52
What is the highest common factor of 77 and 1826?
11
Calculate the highest common factor of 10 and 11755.
5
Calculate the highest common divisor of 612 and 108.
36
What is the greatest common factor of 105 and 63?
21
What is the greatest common divisor of 1743 and 21?
21
Calculate the greatest common divisor of 465 and 90.
15
Calculate the highest common divisor of 48 and 5424.
48
What is the greatest common divisor of 285 and 4380?
15
Calculate the greatest common factor of 14 and 238.
14
Calculate the greatest common divisor of 186 and 64821.
93
Calculate the highest common divisor of 3530 and 2.
2
Calculate the greatest common divisor of 141 and 6.
3
Calculate the highest common factor of 285 and 2660.
95
Calculate the greatest common factor of 23 and 299.
23
Calculate the highest common factor of 640 and 328.
8
Calculate the greatest common factor of 59 and 1711.
59
What is the highest common factor of 32 and 240?
16
What is the highest common factor of 3240 and 120?
120
Calculate the greatest common divisor of 80 and 2140.
20
What is the greatest common divisor of 425 and 1105?
85
Calculate the greatest common factor of 3200 and 600.
200
Calculate the greatest common divisor of 7 and 7.
7
Calculate the highest common divisor of 4 and 1132.
4
What is the highest common divisor of 207 and 9?
9
What is the highest common divisor of 560 and 215?
5
What is the greatest common factor of 3944 and 136?
136
Calculate the highest common factor of 18 and 9366.
6
What is the greatest common divisor of 12 and 156?
12
What is the greatest common factor of 5 and 160?
5
Calculate the highest common factor of 10 and 10.
10
What is the highest common factor of 28 and 28?
28
What is the greatest common divisor of 72 and 56?
8
Calculate the highest common factor of 336 and 96.
48
Calculate the highest common divisor of 141 and 1692.
141
What is the highest common divisor of 266 and 1246?
14
Calculate the highest common divisor of 48 and 2.
2
What is the greatest common factor of 88 and 88?
88
Calculate the highest common divisor of 680 and 17.
17
Calculate the highest common factor of 994 and 42.
14
Calculate the highest common factor of 20 and 330.
10
Calculate the greatest common factor of 254 and 4.
2
Calculate the greatest common divisor of 77 and 88.
11
What is the greatest common factor of 1855 and 35?
35
What is the highest common divisor of 32 and 92?
4
Calculate the greatest common divisor of 165 and 5555.
55
Calculate the greatest common factor of 13970 and 33.
11
Calculate the highest common divisor of 15 and 5.
5
Calculate the highest common factor of 588 and 12.
12
What is the greatest common divisor of 27 and 1431?
27
What is the greatest common divisor of 168 and 38976?
168
Calculate the greatest common factor of 2825 and 3503.
113
What is the highest common divisor of 153 and 374?
17
What is the greatest common factor of 18522 and 54?
54
Calculate the highest common divisor of 39 and 1482.
39
What is the greatest common divisor of 147 and 3283?
49
What is the highest common factor of 126 and 56?
14
Calculate the greatest common factor of 782 and 34.
34
Calculate the greatest common factor of 35 and 28.
7
What is the greatest common factor of 70 and 1210?
10
What is the greatest common factor of 19 and 5?
1
Calculate the greatest common divisor of 234 and 130.
26
What is the greatest common divisor of 40 and 70?
10
What is the greatest common factor of 2208 and 2484?
276
What is the highest common divisor of 54 and 92610?
54
Calculate the highest common divisor of 289 and 51.
17
What is the greatest common divisor of 100 and 8?
4
What is the greatest common factor of 468 and 24?
12
What is the highest common factor of 301 and 129?
43
Calculate the greatest common factor of 3 and 93.
3
Calculate the highest common factor of 4 and 992.
4
What is the greatest common factor of 115 and 15?
5
Calculate the greatest comm